{"id":11,"date":"2019-09-04T20:33:23","date_gmt":"2019-09-04T18:33:23","guid":{"rendered":"http:\/\/parafia-duszniki.pl\/?page_id=11"},"modified":"2026-01-07T21:01:20","modified_gmt":"2026-01-07T20:01:20","slug":"strona-glowna","status":"publish","type":"page","link":"https:\/\/parafia-duszniki.pl\/","title":{"rendered":"Strona g\u0142\u00f3wna"},"content":{"rendered":"\n<p>Drodzy Parafianie, Drodzy Go\u015bcie!<br>Witam serdecznie na stronie internetowej<br>Parafii pw. \u015aw. Marcina w Dusznikach.<br>Dokonujemy wszelkich stara\u0144,<br>aby ka\u017cdy znalaz\u0142 tutaj co\u015b interesuj\u0105cego dla siebie.<br>Informacje znajduj\u0105ce si\u0119 na naszej stronie<br>\u2013 s\u0105 aktualizowane na bie\u017c\u0105co,<br>dlatego zach\u0119cam do odwiedzania tej witryny!<\/p>\n\n\n\n<p>Ks. Proboszcz \u2013 Stanis\u0142aw \u0141opusza\u0144ski<\/p>\n\n\n\n<p>Telefon: 668\u2013805\u2013874<\/p>\n\n\n\n<p>adres e-mail:<a href=\"biuro@parafia-duszniki.pl\"> <\/a>parafia.duszniki@adres.pl<\/p>\n","protected":false},"excerpt":{"rendered":"<p>Drodzy Parafianie, Drodzy Go\u015bcie!Witam serdecznie na stronie internetowejParafii pw. \u015aw. Marcina w Dusznikach.Dokonujemy wszelkich stara\u0144,aby ka\u017cdy znalaz\u0142 tutaj co\u015b interesuj\u0105cego dla siebie.Informacje znajduj\u0105ce si\u0119 na naszej stronie\u2013 s\u0105 aktualizowane na bie\u017c\u0105co,dlatego zach\u0119cam do odwiedzania tej witryny! Ks. Proboszcz \u2013 Stanis\u0142aw \u0141opusza\u0144ski Telefon: 668\u2013805\u2013874 adres e-mail: parafia.duszniki@adres.pl<\/p>\n","protected":false},"author":1,"featured_media":0,"parent":0,"menu_order":0,"comment_status":"closed","ping_status":"closed","template":"","meta":{"ngg_post_thumbnail":0,"footnotes":""},"class_list":["post-11","page","type-page","status-publish","hentry"],"_links":{"self":[{"href":"https:\/\/parafia-duszniki.pl\/index.php\/wp-json\/wp\/v2\/pages\/11","targetHints":{"allow":["GET"]}}],"collection":[{"href":"https:\/\/parafia-duszniki.pl\/index.php\/wp-json\/wp\/v2\/pages"}],"about":[{"href":"https:\/\/parafia-duszniki.pl\/index.php\/wp-json\/wp\/v2\/types\/page"}],"author":[{"embeddable":true,"href":"https:\/\/parafia-duszniki.pl\/index.php\/wp-json\/wp\/v2\/users\/1"}],"replies":[{"embeddable":true,"href":"https:\/\/parafia-duszniki.pl\/index.php\/wp-json\/wp\/v2\/comments?post=11"}],"version-history":[{"count":204,"href":"https:\/\/parafia-duszniki.pl\/index.php\/wp-json\/wp\/v2\/pages\/11\/revisions"}],"predecessor-version":[{"id":9791,"href":"https:\/\/parafia-duszniki.pl\/index.php\/wp-json\/wp\/v2\/pages\/11\/revisions\/9791"}],"wp:attachment":[{"href":"https:\/\/parafia-duszniki.pl\/index.php\/wp-json\/wp\/v2\/media?parent=11"}],"curies":[{"name":"wp","href":"https:\/\/api.w.org\/{rel}","templated":true}]}}