{"id":46,"date":"2019-09-04T20:55:22","date_gmt":"2019-09-04T18:55:22","guid":{"rendered":"http:\/\/parafia-duszniki.pl\/?page_id=46"},"modified":"2020-04-04T16:55:12","modified_gmt":"2020-04-04T14:55:12","slug":"pokuta","status":"publish","type":"page","link":"https:\/\/parafia-duszniki.pl\/index.php\/pokuta\/","title":{"rendered":"Pokuta"},"content":{"rendered":"\n<p>Sakrament pokuty i pojednania jest to sakrament ustanowiony przez Chrystusa w Ko\u015bciele, w kt\u00f3rym moc\u0105 Ducha \u015awi\u0119tego, grzechy po Chrzcie pope\u0142nione, szczerze obj\u0119te \u017calem i wyznane spowiednikowi z wol\u0105 poprawy, zostaj\u0105 przez Boga odpuszczone moc\u0105 absolucji kap\u0142a\u0144skiej.<\/p>\n\n\n\n<p>Oznacza, to \u017ce grzesznik przyst\u0119puj\u0105cy pod wp\u0142ywem Ducha \u015awi\u0119tego do Sakramentu Pokuty, winien na pierwszym miejscu nawr\u00f3ci\u0107 si\u0119 do Boga ca\u0142ym sercem. To wewn\u0119trzne nawr\u00f3cenie serca, kt\u00f3re obejmuje \u017cal za grzechy i postanowienie podj\u0119cia nowego \u017cycia, wyra\u017ca si\u0119 poprzez wyznanie grzech\u00f3w Ko\u015bcio\u0142owi, przez zado\u015b\u0107uczynienie i popraw\u0119 \u017cycia. Pan B\u00f3g za\u015b udziela odpuszczenia grzech\u00f3w za po\u015brednictwem Ko\u015bcio\u0142a, kt\u00f3ry dzia\u0142a przez pos\u0142ug\u0119 kap\u0142an\u00f3w.<\/p>\n\n\n\n<p>Pierwszym darem zmartwychwsta\u0142ego Jezusa jest sakrament pokuty zwany cz\u0119sto spowiedzi\u0105, sakramentem pojednania czy te\u017c przebaczenia. Jezus w wieczerniku, kiedy ukaza\u0142 si\u0119 aposto\u0142om, ?tchn\u0105\u0142 na nich i powiedzia\u0142 im: We\u017amijcie Ducha \u015awi\u0119tego! Kt\u00f3rym odpu\u015bcicie grzechy, s\u0105 im odpuszczone, a kt\u00f3rym zatrzymacie, s\u0105 im zatrzymane? (J 20,22-23).<br>Grzech jako \u0142amanie, nie zachowywanie Bo\u017cych przykaza\u0144 jest przede wszystkim obraz\u0105 Boga, zerwaniem jedno\u015bci z Nim. Narusza on r\u00f3wnocze\u015bnie komuni\u0119 z Ko\u015bcio\u0142em. Dlatego te\u017c nawr\u00f3cenie przynosi przebaczenie ze strony Boga, a tak\u017ce pojednanie z Ko\u015bcio\u0142em, co wyra\u017ca i urzeczywistnia w spos\u00f3b liturgiczny sakrament pokuty i pojednania.<\/p>\n\n\n\n<p>Ci za\u015b, kt\u00f3rzy przyst\u0119puj\u0105 do sakramentu pokuty, otrzymuj\u0105 od mi\u0142osierdzia Bo\u017cego przebaczenie zniewagi wyrz\u0105dzonej Bogu i r\u00f3wnocze\u015bnie dost\u0119puj\u0105 pojednania z Ko\u015bcio\u0142em, kt\u00f3remu grzesz\u0105c, zadali ran\u0119, a kt\u00f3ry przyczynia si\u0119 do ich nawr\u00f3cenia mi\u0142o\u015bci\u0105, przyk\u0142adem i modlitw\u0105.<\/p>\n\n\n\n<p>Sakramentu ten ukazuje z jednej strony ?akty penitenta? (\u017cal, wyznanie grzech\u00f3w, postanowienie poprawy) razem z rozgrzeszeniem kap\u0142a\u0144skim, z drugiej za\u015b w\u0142a\u015bciwe temu Sakramentowi skutki, a mianowicie to, \u017ce Sakrament:<br>\u2013 dokonuje pojednania z Bogiem, odpuszcza grzechy po Chrzcie pope\u0142nione, przywracaj\u0105c lub pomna\u017caj\u0105c<br>\u0141ask\u0119 U\u015bwi\u0119caj\u0105c\u0105;<br>\u2013 odpuszcza kar\u0119 wieczn\u0105 i przynajmniej cz\u0119\u015b\u0107 kary doczesnej;<br>\u2013 przywraca zas\u0142ugi osobiste, jakie cz\u0142owiek traci przez grzech \u015bmiertelny;<br>\u2013 pomna\u017ca i daje \u0142aski uczynkowe do poprawy \u017cycia, lepszego spe\u0142niania w\u0142asnego powo\u0142ania \u017cyciowego<br>i charyzmat\u00f3w w Ko\u015bciele.<\/p>\n\n\n\n<p>Moralnym obowi\u0105zkiem chrze\u015bcijanina jest sta\u0142a formacja swego sumienia. Wynika to z obowi\u0105zku rozwoju w\u0142asnej \u015bwi\u0119to\u015bci, jak te\u017c obowi\u0105zku formowania sumienia zgodnie z w\u0142a\u015bciwymi normami moralnymi. Uzasadnieniem powinno\u015bci poznania stanu swego sumienia jest \u015bwi\u0119to\u015b\u0107 i integralno\u015b\u0107 Sakramentu pokuty i pojednania.<\/p>\n\n\n\n<p>Zanim penitent przyst\u0105pi do konfesjona\u0142u, by otrzyma\u0107 rozgrzeszenie powinien spe\u0142ni\u0107 nast\u0119puj\u0105ce warunki:<br>1. rachunek sumienia<br>2. \u017cal za grzechy<br>3. mocne postanowienie poprawy<br>4. szczera spowied\u017a<br>5. zado\u015b\u0107uczynienie Panu Bogu i bli\u017aniemu<\/p>\n","protected":false},"excerpt":{"rendered":"<p>Sakrament pokuty i pojednania jest to sakrament ustanowiony przez Chrystusa w Ko\u015bciele, w kt\u00f3rym moc\u0105 Ducha \u015awi\u0119tego, grzechy po Chrzcie pope\u0142nione, szczerze obj\u0119te \u017calem i wyznane spowiednikowi z wol\u0105 poprawy, zostaj\u0105 przez Boga odpuszczone moc\u0105 absolucji kap\u0142a\u0144skiej. Oznacza, to \u017ce grzesznik przyst\u0119puj\u0105cy pod wp\u0142ywem Ducha \u015awi\u0119tego do Sakramentu Pokuty, winien na pierwszym miejscu nawr\u00f3ci\u0107 si\u0119 &hellip; <a href=\"https:\/\/parafia-duszniki.pl\/index.php\/pokuta\/\" class=\"more-link\">Czytaj dalej<span class=\"screen-reader-text\"> \u201ePokuta\u201d<\/span><\/a><\/p>\n","protected":false},"author":1,"featured_media":0,"parent":0,"menu_order":0,"comment_status":"closed","ping_status":"closed","template":"","meta":{"ngg_post_thumbnail":0,"footnotes":""},"class_list":["post-46","page","type-page","status-publish","hentry"],"_links":{"self":[{"href":"https:\/\/parafia-duszniki.pl\/index.php\/wp-json\/wp\/v2\/pages\/46","targetHints":{"allow":["GET"]}}],"collection":[{"href":"https:\/\/parafia-duszniki.pl\/index.php\/wp-json\/wp\/v2\/pages"}],"about":[{"href":"https:\/\/parafia-duszniki.pl\/index.php\/wp-json\/wp\/v2\/types\/page"}],"author":[{"embeddable":true,"href":"https:\/\/parafia-duszniki.pl\/index.php\/wp-json\/wp\/v2\/users\/1"}],"replies":[{"embeddable":true,"href":"https:\/\/parafia-duszniki.pl\/index.php\/wp-json\/wp\/v2\/comments?post=46"}],"version-history":[{"count":7,"href":"https:\/\/parafia-duszniki.pl\/index.php\/wp-json\/wp\/v2\/pages\/46\/revisions"}],"predecessor-version":[{"id":1452,"href":"https:\/\/parafia-duszniki.pl\/index.php\/wp-json\/wp\/v2\/pages\/46\/revisions\/1452"}],"wp:attachment":[{"href":"https:\/\/parafia-duszniki.pl\/index.php\/wp-json\/wp\/v2\/media?parent=46"}],"curies":[{"name":"wp","href":"https:\/\/api.w.org\/{rel}","templated":true}]}}